{"id":81310,"date":"2024-11-07T19:21:06","date_gmt":"2024-11-07T19:21:06","guid":{"rendered":"https:\/\/www.maquinaspublicidade.pt\/?post_type=product&#038;p=81310"},"modified":"2024-11-07T19:25:36","modified_gmt":"2024-11-07T19:25:36","slug":"bomba-de-succao-epson-uv-dtf-1390-l1800","status":"publish","type":"product","link":"https:\/\/www.maquinaspublicidade.pt\/?product=bomba-de-succao-epson-uv-dtf-1390-l1800","title":{"rendered":"BOMBA DE SUC\u00c7\u00c3O EPSON  UV\/DTF 1390\/ L1800"},"content":{"rendered":"<p>Esta\u00e7\u00e3o de tampa da unidade de limpeza de aspira\u00e7\u00e3o de tinta<\/p>\n<p>Compat\u00edvel com a impressora EPSON L1800 DTF\/UV A3<\/p>\n<p>Compat\u00edvel com R1390 1400 1500<\/p>\n","protected":false},"excerpt":{"rendered":"<p>Esta\u00e7\u00e3o de tampa da unidade de limpeza de aspira\u00e7\u00e3o de tinta Compat\u00edvel com a impressora EPSON L1800 DTF\/UV A3 Compat\u00edvel com R1390 1400 1500<\/p>\n","protected":false},"featured_media":81311,"template":"","meta":[],"product_brand":[],"product_cat":[12775,12773],"product_tag":[],"class_list":{"0":"post-81310","1":"product","2":"type-product","3":"status-publish","4":"has-post-thumbnail","6":"product_cat-bombas-succao-dtf","7":"product_cat-bombas-succao-uv","9":"first","10":"instock","11":"taxable","12":"shipping-taxable","13":"purchasable","14":"product-type-simple"},"_links":{"self":[{"href":"https:\/\/www.maquinaspublicidade.pt\/index.php?rest_route=\/wp\/v2\/product\/81310","targetHints":{"allow":["GET"]}}],"collection":[{"href":"https:\/\/www.maquinaspublicidade.pt\/index.php?rest_route=\/wp\/v2\/product"}],"about":[{"href":"https:\/\/www.maquinaspublicidade.pt\/index.php?rest_route=\/wp\/v2\/types\/product"}],"version-history":[{"count":1,"href":"https:\/\/www.maquinaspublicidade.pt\/index.php?rest_route=\/wp\/v2\/product\/81310\/revisions"}],"predecessor-version":[{"id":81312,"href":"https:\/\/www.maquinaspublicidade.pt\/index.php?rest_route=\/wp\/v2\/product\/81310\/revisions\/81312"}],"wp:featuredmedia":[{"embeddable":true,"href":"https:\/\/www.maquinaspublicidade.pt\/index.php?rest_route=\/wp\/v2\/media\/81311"}],"wp:attachment":[{"href":"https:\/\/www.maquinaspublicidade.pt\/index.php?rest_route=%2Fwp%2Fv2%2Fmedia&parent=81310"}],"wp:term":[{"taxonomy":"product_brand","embeddable":true,"href":"https:\/\/www.maquinaspublicidade.pt\/index.php?rest_route=%2Fwp%2Fv2%2Fproduct_brand&post=81310"},{"taxonomy":"product_cat","embeddable":true,"href":"https:\/\/www.maquinaspublicidade.pt\/index.php?rest_route=%2Fwp%2Fv2%2Fproduct_cat&post=81310"},{"taxonomy":"product_tag","embeddable":true,"href":"https:\/\/www.maquinaspublicidade.pt\/index.php?rest_route=%2Fwp%2Fv2%2Fproduct_tag&post=81310"}],"curies":[{"name":"wp","href":"https:\/\/api.w.org\/{rel}","templated":true}]}}