{"id":81070,"date":"2022-02-22T02:56:11","date_gmt":"2022-02-22T02:56:11","guid":{"rendered":"http:\/\/www.maquinaspublicidade.pt\/?post_type=product&#038;p=81070"},"modified":"2022-11-22T18:01:29","modified_gmt":"2022-11-22T18:01:29","slug":"fresadora-cnc-c9060","status":"publish","type":"product","link":"https:\/\/www.maquinaspublicidade.pt\/?product=fresadora-cnc-c9060","title":{"rendered":"FRESADORA CNC C9060"},"content":{"rendered":"<p>Especifica\u00e7\u00f5es t\u00e9cnicas:<\/p>\n<p>Motor:\u00a0 2,2 kW \/ 3,0 kW \/ s1 \/ s6 Inversor 24.000 rpm<br \/>\n\u00c1rea de trabalho: 600x900x300mm<br \/>\nControlo: DSP<br \/>\nResolu\u00e7\u00e3o do software: 0,001 mm<br \/>\nProgramas: inclu\u00eddos<br \/>\nFonte de alimenta\u00e7\u00e3o: 230V<br \/>\nPeso: 310kg<br \/>\nDimens\u00f5es da m\u00e1quina: 1400x1100x1100mm<br \/>\nAltura da mesa: 750mm<br \/>\nGuias lineares<br \/>\nTransmiss\u00e3o de cremalheira e pinh\u00e3o: (eixo Z &#8211; fuso de esferas)<br \/>\nAcionamentos do eixo: motores de passo<\/p>\n","protected":false},"excerpt":{"rendered":"<p><strong>OFERTA:<\/strong><\/p>\n<ul>\n<li>TARANSPORTE<\/li>\n<li>INSTALA\u00c7\u00c3O<\/li>\n<li>FORMA\u00c7\u00c3O BASICA DE INICIA\u00c7\u00c3O<\/li>\n<\/ul>\n","protected":false},"featured_media":81071,"template":"","meta":[],"product_brand":[],"product_cat":[12752],"product_tag":[],"class_list":{"0":"post-81070","1":"product","2":"type-product","3":"status-publish","4":"has-post-thumbnail","6":"product_cat-maquinas-cnc-fresadoras","8":"first","9":"instock","10":"taxable","11":"shipping-taxable","12":"purchasable","13":"product-type-simple"},"_links":{"self":[{"href":"https:\/\/www.maquinaspublicidade.pt\/index.php?rest_route=\/wp\/v2\/product\/81070","targetHints":{"allow":["GET"]}}],"collection":[{"href":"https:\/\/www.maquinaspublicidade.pt\/index.php?rest_route=\/wp\/v2\/product"}],"about":[{"href":"https:\/\/www.maquinaspublicidade.pt\/index.php?rest_route=\/wp\/v2\/types\/product"}],"version-history":[{"count":0,"href":"https:\/\/www.maquinaspublicidade.pt\/index.php?rest_route=\/wp\/v2\/product\/81070\/revisions"}],"wp:featuredmedia":[{"embeddable":true,"href":"https:\/\/www.maquinaspublicidade.pt\/index.php?rest_route=\/wp\/v2\/media\/81071"}],"wp:attachment":[{"href":"https:\/\/www.maquinaspublicidade.pt\/index.php?rest_route=%2Fwp%2Fv2%2Fmedia&parent=81070"}],"wp:term":[{"taxonomy":"product_brand","embeddable":true,"href":"https:\/\/www.maquinaspublicidade.pt\/index.php?rest_route=%2Fwp%2Fv2%2Fproduct_brand&post=81070"},{"taxonomy":"product_cat","embeddable":true,"href":"https:\/\/www.maquinaspublicidade.pt\/index.php?rest_route=%2Fwp%2Fv2%2Fproduct_cat&post=81070"},{"taxonomy":"product_tag","embeddable":true,"href":"https:\/\/www.maquinaspublicidade.pt\/index.php?rest_route=%2Fwp%2Fv2%2Fproduct_tag&post=81070"}],"curies":[{"name":"wp","href":"https:\/\/api.w.org\/{rel}","templated":true}]}}