{"id":81047,"date":"2022-02-22T00:55:14","date_gmt":"2022-02-22T00:55:14","guid":{"rendered":"http:\/\/www.maquinaspublicidade.pt\/?post_type=product&#038;p=81047"},"modified":"2023-03-11T00:02:07","modified_gmt":"2023-03-11T00:02:07","slug":"maquina-laser-co2-1530","status":"publish","type":"product","link":"https:\/\/www.maquinaspublicidade.pt\/?product=maquina-laser-co2-1530","title":{"rendered":"MAQUINA LASER CO2 1530"},"content":{"rendered":"<p>Valor apresentado inclui tubo laser de 150w<\/p>\n<p>POT\u00caNCIA M\u00c1XIMA DO LASER &#8211; (Opcional: 60W, 80W, 100W, 130W, 150W)<br \/>\n\u00c1REA DE CORTE- 1500 x 3000 mil\u00edmetros<br \/>\nDIMENS\u00d5ES- 3670 x 2150 x 1100 mil\u00edmetros<br \/>\nPRECIS\u00c3O DE POSICIONAMENTO- \u00b1 0,1 mm<br \/>\nTENS\u00c3O- 230V<br \/>\nPOT\u00caNCIA- 1000W<br \/>\nTEMPERATURA DE TRABALHO- 0-45 \u2103<br \/>\nSISTEMA OPERACIONAL- Windows 95, 98, 2000, XP, Vista, 7, 8, 10 (32\/64 bits)<br \/>\nFORMATOS DE ARQUIVO DE ENTRADA- PLT, AI, DST, DXF, BMP<br \/>\nSOFTWARE COMPAT\u00cdVEL- Corel Draw AutoCAD Photoshop<br \/>\nTIPO DE DRIVE- Motores de passo<br \/>\nTIPO DE REFRIGERA\u00c7\u00c3O- Chiller 5000CW<br \/>\nRESFRIAMENTO DE MATERIAL- Ar<\/p>\n","protected":false},"excerpt":{"rendered":"<p><strong>OFERTA:<\/strong><\/p>\n<ul>\n<li>CHILLER CW5000<\/li>\n<li>TRANSPORTE<\/li>\n<li>INSTALA\u00c7\u00c3O<\/li>\n<li>FORMA\u00c7\u00c3O BASICA DE INICIA\u00c7\u00c3O<\/li>\n<li>PACK VETORES<\/li>\n<\/ul>\n","protected":false},"featured_media":81048,"template":"","meta":[],"product_brand":[],"product_cat":[1627],"product_tag":[],"class_list":{"0":"post-81047","1":"product","2":"type-product","3":"status-publish","4":"has-post-thumbnail","6":"product_cat-maquinas","8":"first","9":"instock","10":"taxable","11":"shipping-taxable","12":"purchasable","13":"product-type-simple"},"_links":{"self":[{"href":"https:\/\/www.maquinaspublicidade.pt\/index.php?rest_route=\/wp\/v2\/product\/81047","targetHints":{"allow":["GET"]}}],"collection":[{"href":"https:\/\/www.maquinaspublicidade.pt\/index.php?rest_route=\/wp\/v2\/product"}],"about":[{"href":"https:\/\/www.maquinaspublicidade.pt\/index.php?rest_route=\/wp\/v2\/types\/product"}],"version-history":[{"count":2,"href":"https:\/\/www.maquinaspublicidade.pt\/index.php?rest_route=\/wp\/v2\/product\/81047\/revisions"}],"predecessor-version":[{"id":81260,"href":"https:\/\/www.maquinaspublicidade.pt\/index.php?rest_route=\/wp\/v2\/product\/81047\/revisions\/81260"}],"wp:featuredmedia":[{"embeddable":true,"href":"https:\/\/www.maquinaspublicidade.pt\/index.php?rest_route=\/wp\/v2\/media\/81048"}],"wp:attachment":[{"href":"https:\/\/www.maquinaspublicidade.pt\/index.php?rest_route=%2Fwp%2Fv2%2Fmedia&parent=81047"}],"wp:term":[{"taxonomy":"product_brand","embeddable":true,"href":"https:\/\/www.maquinaspublicidade.pt\/index.php?rest_route=%2Fwp%2Fv2%2Fproduct_brand&post=81047"},{"taxonomy":"product_cat","embeddable":true,"href":"https:\/\/www.maquinaspublicidade.pt\/index.php?rest_route=%2Fwp%2Fv2%2Fproduct_cat&post=81047"},{"taxonomy":"product_tag","embeddable":true,"href":"https:\/\/www.maquinaspublicidade.pt\/index.php?rest_route=%2Fwp%2Fv2%2Fproduct_tag&post=81047"}],"curies":[{"name":"wp","href":"https:\/\/api.w.org\/{rel}","templated":true}]}}