{"id":353,"date":"2020-09-23T21:02:39","date_gmt":"2020-09-23T21:02:39","guid":{"rendered":"http:\/\/www.maquinaspublicidade.pt\/?post_type=product&#038;p=353"},"modified":"2025-05-26T12:23:22","modified_gmt":"2025-05-26T12:23:22","slug":"laser-de-fibra-20w-gravacao-em-metais-eixo-rotativo","status":"publish","type":"product","link":"https:\/\/www.maquinaspublicidade.pt\/?product=laser-de-fibra-20w-gravacao-em-metais-eixo-rotativo","title":{"rendered":"Laser Fibra 30w Raycus QB Grava\u00e7\u00e3o em Metais + Eixo rotativo"},"content":{"rendered":"<div class=\"clr descriptioncontent marginbott20\">\n<div id=\"textContent\" class=\"clr lheight20 large\">\n<h1><strong>&#8211; Oferta !!!<\/strong><\/h1>\n<ul>\n<li><strong>Transporte<\/strong><\/li>\n<li><strong>Instala\u00e7\u00e3o<\/strong><\/li>\n<li><strong>Forma\u00e7\u00e3o<\/strong><\/li>\n<\/ul>\n<p>&nbsp;<\/p>\n<p>Ao valor apresentado acresce o iva \u00e0 taxa legal em vigor.<\/p>\n<p>Par\u00e2metros t\u00e9cnicos do equipamento e ambiente aplic\u00e1vel:<\/p>\n<p>Qualidade do feixe: M2: 1,5 (modo TEM00)<\/p>\n<p>Pot\u00eancia m\u00e9dia de sa\u00edda do dispositivo: 20 watts<\/p>\n<p>Velocidade de marca\u00e7\u00e3o mais alta: 12000 mm \/ s<\/p>\n<p>Comprimento de onda do laser: 1064<\/p>\n<p>\u00c1rea marcada: 150 mm \u00d7 150 mm<\/p>\n<p>Taxa de repeti\u00e7\u00e3o: 20 kHz-80 kHz<\/p>\n<p>Faixa de ajuste de pot\u00eancia: 5% -100%<\/p>\n<p>Caracteres m\u00ednimos: 0,2 mm x 0,2 mm<\/p>\n<p>Profundidade da marca: 0,01-1,0 mm (dependendo do material)<\/p>\n<p>Repetibilidade<\/p>\n<p>0,001 mm<\/p>\n<p>Largura m\u00ednima da linha: 0,013 mm<\/p>\n<p>Consumo de energia: \u2264500W<\/p>\n<p>Refrigerado a ar<\/p>\n<p>Resfriamento de ar for\u00e7ado<\/p>\n<p>Interface de controle: USB<\/p>\n<p>Tempo de trabalho cont\u00ednuo: 24 horas<\/p>\n<p>Ambiente de trabalho do equipamento: Limpo e isento de poeira<\/p>\n<p>Temperatura de opera\u00e7\u00e3o do dispositivo: 13 \u00b0 C a 28 \u00b0 C.<\/p>\n<p>Umidade ambiente: 5% -75% sem condensa\u00e7\u00e3o<\/p>\n<p>Requisito de energia: AC220V \/ 50HZ<\/p>\n<p>Lista de embalagem:<\/p>\n<p>* 1 M\u00e1quina de marca\u00e7\u00e3o de fibra<\/p>\n<p>* 1 Lente 110x110mm<\/p>\n<p>* 1 Lente 300x300mm<\/p>\n<p>* 1 Rotary<\/p>\n<p>* 1 Pedal<\/p>\n<\/div>\n<\/div>\n<p><!--more--><\/p>\n<p><!--more--><\/p>\n<div id=\"offerbottombar\" class=\"offer-bottombar\">\n<p>&nbsp;<\/p>\n<\/div>\n","protected":false},"excerpt":{"rendered":"<p>Ao valor apresentado acresce o iva \u00e0 taxa legal em vigor.<\/p>\n","protected":false},"featured_media":354,"template":"","meta":[],"product_brand":[],"product_cat":[1624],"product_tag":[],"class_list":{"0":"post-353","1":"product","2":"type-product","3":"status-publish","4":"has-post-thumbnail","6":"product_cat-laser-fibra","8":"first","9":"instock","10":"sale","11":"taxable","12":"shipping-taxable","13":"purchasable","14":"product-type-simple"},"_links":{"self":[{"href":"https:\/\/www.maquinaspublicidade.pt\/index.php?rest_route=\/wp\/v2\/product\/353","targetHints":{"allow":["GET"]}}],"collection":[{"href":"https:\/\/www.maquinaspublicidade.pt\/index.php?rest_route=\/wp\/v2\/product"}],"about":[{"href":"https:\/\/www.maquinaspublicidade.pt\/index.php?rest_route=\/wp\/v2\/types\/product"}],"version-history":[{"count":3,"href":"https:\/\/www.maquinaspublicidade.pt\/index.php?rest_route=\/wp\/v2\/product\/353\/revisions"}],"predecessor-version":[{"id":81322,"href":"https:\/\/www.maquinaspublicidade.pt\/index.php?rest_route=\/wp\/v2\/product\/353\/revisions\/81322"}],"wp:featuredmedia":[{"embeddable":true,"href":"https:\/\/www.maquinaspublicidade.pt\/index.php?rest_route=\/wp\/v2\/media\/354"}],"wp:attachment":[{"href":"https:\/\/www.maquinaspublicidade.pt\/index.php?rest_route=%2Fwp%2Fv2%2Fmedia&parent=353"}],"wp:term":[{"taxonomy":"product_brand","embeddable":true,"href":"https:\/\/www.maquinaspublicidade.pt\/index.php?rest_route=%2Fwp%2Fv2%2Fproduct_brand&post=353"},{"taxonomy":"product_cat","embeddable":true,"href":"https:\/\/www.maquinaspublicidade.pt\/index.php?rest_route=%2Fwp%2Fv2%2Fproduct_cat&post=353"},{"taxonomy":"product_tag","embeddable":true,"href":"https:\/\/www.maquinaspublicidade.pt\/index.php?rest_route=%2Fwp%2Fv2%2Fproduct_tag&post=353"}],"curies":[{"name":"wp","href":"https:\/\/api.w.org\/{rel}","templated":true}]}}