{"id":222,"date":"2020-07-01T20:18:54","date_gmt":"2020-07-01T20:18:54","guid":{"rendered":"http:\/\/www.maquinaspublicidade.pt\/?post_type=product&#038;p=222"},"modified":"2025-11-12T18:03:44","modified_gmt":"2025-11-12T18:03:44","slug":"uv-a3","status":"publish","type":"product","link":"https:\/\/www.maquinaspublicidade.pt\/?product=uv-a3","title":{"rendered":"UV A3"},"content":{"rendered":"<div class=\"kvgmc6g5 cxmmr5t8 oygrvhab hcukyx3x c1et5uql\">\n<div dir=\"auto\">Especifica\u00e7\u00f5es:<\/div>\n<\/div>\n<div class=\"o9v6fnle cxmmr5t8 oygrvhab hcukyx3x c1et5uql\">\n<div dir=\"auto\">* Tecnologia de impress\u00e3o Tecnologia avan\u00e7ada de jato de tinta MicroPiezo com 6 cores<\/div>\n<div dir=\"auto\">* Cabe\u00e7a de impress\u00e3o Epson 1390<\/div>\n<div dir=\"auto\">* Quantidade m\u00ednima de gotas 1,5 pico litro<\/div>\n<div dir=\"auto\">* N\u00famero de bicos 90 * 6 = 540<\/div>\n<div dir=\"auto\">* Resolu\u00e7\u00e3o de impress\u00e3o personalizada At\u00e9 5760 x 1440 dpi<\/div>\n<div dir=\"auto\">* Tamanho de impress\u00e3o Tamanho A3: 297 * 420mm, com luz UV LED: 267 * 420mm<\/div>\n<div dir=\"auto\">* Velocidade de impress\u00e3o A4 de fotos coloridas, todos os modelos com um site real da Epson de 111 segundos t\u00eam preced\u00eancia<\/div>\n<div dir=\"auto\">* Altura de impress\u00e3o 0-150 mm (limita\u00e7\u00e3o autom\u00e1tica de altura)<\/div>\n<div dir=\"auto\">* Tipo de tinta Y \/ M \/ C \/ K \/ LM \/ LC (somente materiais leves podem ser impressos se toda a tinta for colorida)<\/div>\n<div dir=\"auto\">* S \/ M \/ C \/ K \/ W \/ W \/ (pode imprimir materiais claros e escuros se houver tinta branca)<\/div>\n<div dir=\"auto\">* Sistema de suprimento cont\u00ednuo de tinta para cartuchos de tinta<\/div>\n<div dir=\"auto\">* Consumo de tinta 15-20mlm<\/div>\n<div dir=\"auto\">* Software de impress\u00e3o software RIP<\/div>\n<div dir=\"auto\">* M\u00e9todo de limpeza autom\u00e1tica de bicos usando a fun\u00e7\u00e3o de limpeza autom\u00e1tica do computador &#8220;Propriedades da impressora &#8211; Manuten\u00e7\u00e3o &#8211; Limpeza de bicos&#8221;<\/div>\n<div dir=\"auto\">* Refrigera\u00e7\u00e3o a \u00e1gua do sistema de refrigera\u00e7\u00e3o<\/div>\n<div dir=\"auto\">* Fonte de alimenta\u00e7\u00e3o AC220 \/ 110 V + 10, 50 Hz ~ 60 Hz<\/div>\n<div dir=\"auto\">* Interface USB Universal Serial Bus (USB) de alta velocidade USB 2.0<\/div>\n<div dir=\"auto\">* Sistemas operacionais Windows XP, Vista, Win7, Win8, Win 10<\/div>\n<div dir=\"auto\">* Temperatura de opera\u00e7\u00e3o 0 \u00b0 a 35 \u00b0 (50 \u00b0 a 95 \u00b0 F)<\/div>\n<div dir=\"auto\">* Umidade 20% a 80%<\/div>\n<\/div>\n<div class=\"o9v6fnle cxmmr5t8 oygrvhab hcukyx3x c1et5uql\">\n<div dir=\"auto\">1. Com cabe\u00e7a de impress\u00e3o original Epson<\/div>\n<div dir=\"auto\">2. Motor de pulso e sensor IR e chip de controle ARM para melhorar a precis\u00e3o e a velocidade da impress\u00e3o.<\/div>\n<div dir=\"auto\">3. Bot\u00e3o e motor de tela de toque para facilitar a opera\u00e7\u00e3o.<\/div>\n<div dir=\"auto\">4. Suporte rotativo com acionamento do motor para precis\u00e3o de alta press\u00e3o.<\/div>\n<div dir=\"auto\">5. Frasco de tinta embutido para proteger a tinta.<\/div>\n<\/div>\n<div class=\"o9v6fnle cxmmr5t8 oygrvhab hcukyx3x c1et5uql\">\n<div dir=\"auto\">Conte\u00fado da embalagem:<\/div>\n<\/div>\n<div class=\"o9v6fnle cxmmr5t8 oygrvhab hcukyx3x c1et5uql\">\n<div dir=\"auto\">Impressora<\/div>\n<div dir=\"auto\">Suporte do cilindro (rotary)<\/div>\n<div dir=\"auto\">CISS, CD do driver<\/div>\n<div dir=\"auto\">Cabo USB<\/div>\n<div dir=\"auto\">Cabo de alimenta\u00e7\u00e3o<\/div>\n<div dir=\"auto\">TINTA<\/div>\n<div dir=\"auto\">Certifica\u00e7\u00e3o da impressora: CE, FCC, certifica\u00e7\u00e3o RoHS<\/div>\n<\/div>\n<div dir=\"auto\">Garantia de dois anos, excluindo cabe\u00e7ote de impress\u00e3o, amortecedor de UV e bomba de UV.<\/div>\n","protected":false},"excerpt":{"rendered":"<p><strong>OFERTA<\/strong><\/p>\n<ul>\n<li>TRANSPORTE<\/li>\n<li>INSTALA\u00c7\u00c3O<\/li>\n<li>FORMA\u00c7\u00c3O<\/li>\n<li>EIXO ROTATIVO<\/li>\n<li>\u00a0(CMYK+W)<\/li>\n<\/ul>\n","protected":false},"featured_media":230,"template":"","meta":[],"product_brand":[],"product_cat":[12765,12763],"product_tag":[],"class_list":{"0":"post-222","1":"product","2":"type-product","3":"status-publish","4":"has-post-thumbnail","6":"product_cat-impressoras-uv","7":"product_cat-impressoras-plotters","9":"first","10":"instock","11":"taxable","12":"shipping-taxable","13":"purchasable","14":"product-type-simple"},"_links":{"self":[{"href":"https:\/\/www.maquinaspublicidade.pt\/index.php?rest_route=\/wp\/v2\/product\/222","targetHints":{"allow":["GET"]}}],"collection":[{"href":"https:\/\/www.maquinaspublicidade.pt\/index.php?rest_route=\/wp\/v2\/product"}],"about":[{"href":"https:\/\/www.maquinaspublicidade.pt\/index.php?rest_route=\/wp\/v2\/types\/product"}],"version-history":[{"count":3,"href":"https:\/\/www.maquinaspublicidade.pt\/index.php?rest_route=\/wp\/v2\/product\/222\/revisions"}],"predecessor-version":[{"id":81351,"href":"https:\/\/www.maquinaspublicidade.pt\/index.php?rest_route=\/wp\/v2\/product\/222\/revisions\/81351"}],"wp:featuredmedia":[{"embeddable":true,"href":"https:\/\/www.maquinaspublicidade.pt\/index.php?rest_route=\/wp\/v2\/media\/230"}],"wp:attachment":[{"href":"https:\/\/www.maquinaspublicidade.pt\/index.php?rest_route=%2Fwp%2Fv2%2Fmedia&parent=222"}],"wp:term":[{"taxonomy":"product_brand","embeddable":true,"href":"https:\/\/www.maquinaspublicidade.pt\/index.php?rest_route=%2Fwp%2Fv2%2Fproduct_brand&post=222"},{"taxonomy":"product_cat","embeddable":true,"href":"https:\/\/www.maquinaspublicidade.pt\/index.php?rest_route=%2Fwp%2Fv2%2Fproduct_cat&post=222"},{"taxonomy":"product_tag","embeddable":true,"href":"https:\/\/www.maquinaspublicidade.pt\/index.php?rest_route=%2Fwp%2Fv2%2Fproduct_tag&post=222"}],"curies":[{"name":"wp","href":"https:\/\/api.w.org\/{rel}","templated":true}]}}